and 1?
1
Suppose -5*f - 2*o + 59 = 0, -2*o = 8 - 2. Let t(v) = 37*v - 5. Let q be t(4). Calculate the highest common factor of q and f.
13
Let o = -36 + 47. What is the highest common divisor of o and 55?
11
Suppose 19*k + 36 = 21*k. What is the highest common divisor of 54 and k?
18
Suppose -3*m + 6 + 3 = 0. Suppose 0 = -4*n - m*s + 411, -2*n + 3*n - 84 = 3*s. What is the highest common factor of n and 9?
9
Suppose 0 = -5*r - 0*r + 45. Suppose -5*g + 5 + 0 = 0. Calculate the highest common factor of r and g.
1
Let n(y) = -6*y - 23. Let z be n(-7). Calculate the highest common factor of 38 and z.
19
Let x = -97 - -109. Suppose 1 = 3*c - 2, 0 = 4*j + 3*c - 339. Calculate the greatest common factor of j and x.
12
Let t = -3 - -13. Suppose -5*s = -5*q + 175, 5*s = -q - q + 105. What is the greatest common divisor of t and q?
10
Let j(u) = 38*u**2 + u. Let g be j(-1). Let k = g + -21. What is the highest common divisor of 24 and k?
8
Let v be ((3 - 6) + 2)/1. Let n be (-2)/(-8) - 429/4. Let q be 2*1 - (n - v). What is the greatest common divisor of 12 and q?
12
Suppose 5*r = -2*s - 5, 0 = r - 6*s + s + 28. Let z be (8*-1)/(r/6). Calculate the highest common divisor of z and 112.
16
Suppose -4*c + 10*c = 840. Calculate the highest common divisor of 56 and c.
28
Suppose -3*z = z + 1320. Let i be 2 + -3 - z/5. What is the greatest common factor of 13 and i?
13
Let w = -19 - -40. What is the highest common divisor of w and 14?
7
Let f be 2/(-6) + 620/(-12). Let v be (-48)/(-26) + (-8)/f. Calculate the greatest common factor of 10 and v.
2
Suppose 11*v - 576 = 3*v. What is the highest common factor of v and 9?
9
Suppose -2*z + 212 = -66. Let n = z + -85. What is the highest common factor of 6 and n?
6
Let n(m) = m + 11. Let u be n(-7). What is the greatest common divisor of u and 2?
2
Suppose 585 = 7*p - 2*p. Let b = 261 - p. Let i be (32/(-5))/(10/(-25)). Calculate the highest common divisor of b and i.
16
Let o be ((-6)/14)/(6/(-21))*30. What is the greatest common divisor of 9 and o?
9
Let z be (105/(-14) + 2)/((-2)/4). Calculate the highest common factor of z and 77.
11
Suppose -5*q + 4*q = -4. Suppose 3*o = q*z + 28, -3*o = -4*z - z - 26. Calculate the greatest common factor of o and 96.
12
Let a = 12 - 9. Calculate the greatest common factor of 1 and a.
1
Let l(k) = -k**2 - 3*k - 3. Let f be l(-2). Let u(g) = 17*g**2 + g + 1. Let t be u(f). Calculate the highest common factor of t and 119.
17
Suppose -12*r + 1056 = -624. What is the greatest common factor of r and 28?
28
Let n(q) = -q**2 + 9*q + 5. Let b be n(5). What is the greatest common divisor of 10 and b?
5
Let t(f) be the first derivative of -f**4/4 - f**3/3 - f**2 - f - 2. Let u be t(-2). Calculate the highest common divisor of u and 56.
7
Let c be (4/10)/(2/40). Let u = c - 6. Let s be (18/(-5)*1)/(1/(-5)). Calculate the greatest common divisor of u and s.
2
Let g = -33 + 137. Let c = 159 - g. What is the greatest common divisor of 22 and c?
11
Let t = -1 - -3. Suppose -3*s = y - 74, -t*s - 6*y = -2*y - 56. Let x = 5 + 3. What is the greatest common factor of s and x?
8
Let w be (-18 + 19)*(-1 + 6). Calculate the highest common divisor of w and 35.
5
Let j(r) = -15*r + 5. Suppose 0 = -0*b + b - 11. Suppose -3*x + 0 = i + 2, -b = 2*i - x. Let y be j(i). What is the highest common divisor of y and 10?
10
Let x(o) = o**2 + 5*o - 10. Let p be x(-10). Calculate the highest common divisor of p and 100.
20
Let f(k) = -k**2 + 9*k + 8. Suppose 4*g = -s + 6*g + 3, -5*g = -10. Let b be f(s). Calculate the highest common factor of b and 2.
2
Let b be (2 - 0)/(4/6). Suppose 0 = b*w - 3*r + 3, 0 = 3*w - r + 5*r - 25. What is the greatest common divisor of w and 1?
1
Let y = 544 + -302. Let w(n) = -n**3 + 6*n**2 + n + 5. Let i be w(5). Let m = -13 + i. What is the highest common divisor of m and y?
22
Let s(b) = -b**3 + 17*b**2 - 14*b. Let f be s(16). What is the highest common divisor of 80 and f?
16
Let j(h) = -4 - 7*h - h - 4*h + h**2 + 4*h. Let z be j(-6). Calculate the greatest common factor of 32 and z.
16
Let n be (-4)/(-18) + (-248)/(-18). Suppose -3*o + 362 + 58 = 0. Calculate the highest common divisor of n and o.
14
Let r be 4420/14 + 4/14. Let n = r + -206. What is the greatest common factor of 10 and n?
10
Let u = 5 + -1. Suppose 4*t + m = u*m + 39, 4*t - 2*m = 42. Let r be t - ((4 - 2) + -2). What is the highest common divisor of 8 and r?
4
Suppose -5*b = 9 + 6. Let i be b/9 + (-232)/(-3). Let x = -29 + 40. What is the greatest common factor of i and x?
11
Suppose 6*k + 3 = 3*k + 3*b, 0 = -3*b - 12. Let y be (-61)/k - 7/35. Let g be (-14)/(-4) - (-2)/4. Calculate the highest common divisor of g and y.
4
Let z = -103 + 107. What is the highest common divisor of 8 and z?
4
Suppose -192 = -4*x - 3*j, 4*j = 3*j. Suppose -x = -z - z. Suppose 0 = 6*s - 2*s - z. What is the greatest common factor of 30 and s?
6
Let u be (33/(-6))/(0 + 3/(-42)). What is the highest common factor of 7 and u?
7
Let p = -3 - -5. Let o be (-33)/(-2) - 1/p. Calculate the greatest common divisor of o and 64.
16
Suppose 5*c = -4*h + 42, 0 = c - h - 3. Suppose c*d + 4*y = 2*d + 24, -2*y = 5*d - 21. What is the greatest common factor of 24 and d?
3
Suppose -8*n + 40 = -3*n. Calculate the greatest common factor of n and 8.
8
Let y be (710/(-15))/(4/6). Let w = 122 + y. What is the greatest common factor of 17 and w?
17
Let r = -73 - -100. What is the highest common divisor of 18 and r?
9
Suppose 1 - 2 = -s - f, 2*s - 2*f = 22. Let l be (2 - 7)*(1 - 0). Let n(a) = -5*a + 5. Let c be n(l). What is the highest common divisor of c and s?
6
Let c be (-24)/(-20)*1160/12. Let f be ((-305)/(-10))/(2/4). Let q = c - f. What is the highest common divisor of 22 and q?
11
Suppose 0 = -k + 9 + 19. What is the greatest common factor of 28 and k?
28
Suppose -4*q + 9*q = 65. What is the greatest common factor of q and 39?
13
Let x(q) = 2*q**2 - 3*q - 9. Let r be x(4). What is the greatest common divisor of 11 and r?
11
Let m(i) be the third derivative of i**6/120 - i**5/20 + 5*i**3/6 + 3*i**2. Let l be m(5). What is the highest common factor of l and 11?
11
Let u(t) = t**3 + 6*t**2 - 3*t + 6. Let j be u(-6). What is the greatest common divisor of j and 8?
8
Suppose 7*n = 11*n - 52. What is the greatest common factor of 26 and n?
13
Suppose -6 = -d + 3. Calculate the highest common factor of d and 72.
9
Suppose -90 = -7*k - 2*k. What is the greatest common factor of k and 50?
10
Let f(n) = -16*n + 1. Let b be f(-4). Let i be (-31)/(63/30 + -2). Let d be i/(-12) + 1/6. What is the greatest common divisor of b and d?
13
Suppose -4*p + 208 = -72. Let d be 7*1*p/49. What is the greatest common divisor of 25 and d?
5
Suppose y + 4*u + 22 + 4 = 0, -32 = 2*y + 4*u. Let v be -2*2/4*y. What is the highest common factor of v and 48?
6
Suppose 17 = 4*r - 23. Calculate the highest common factor of 15 and r.
5
Suppose -3*c - c = 5*f + 1, 13 = -f - 4*c. Let y be ((-1)/1)/(-1)*f. Let i = 33 - 9. What is the greatest common divisor of i and y?
3
Let b = 30 - 10. Calculate the greatest common divisor of b and 20.
20
Let w be 16 + (16/(-2))/(-2). Let m be (1 - 0)*(-440)/(-2). Calculate the highest common divisor of w and m.
20
Let p = 23 - 1. Suppose 0 = -w + 32 + 23. What is the greatest common factor of w and p?
11
Let z be (-3)/(-12) - (-2586)/24. What is the highest common divisor of 54 and z?
54
Suppose 27*p = 25*p + 24. What is the highest common divisor of 18 and p?
6
Let a(t) = t**2 + 11*t + 10. Let g be a(-13). Calculate the highest common divisor of 90 and g.
18
Let o = 3 - 1. Suppose q - o*q = -5. Let a = 9 - q. Calculate the highest common divisor of 1 and a.
1
Let c(u) = u**3 + 10*u**2 - 2*u - 2. Let z be c(-10). Calculate the highest common factor of z and 234.
18
Let a be (33 + -1)*(-2)/(-4). Calculate the greatest common divisor of a and 144.
16
Suppose -2*r + 16 = -10. Suppose 3*c = c - 4*y + 286, -4*y = 0. Calculate the highest common factor of r and c.
13
Suppose 0 = 2*d + 4*l + 80, -d + 2*d - 3*l + 25 = 0. Let f be (15/10)/(1/d). Let a = f + 172. Calculate the highest common divisor of 11 and a.
11
Let z(u) = u + 6. Suppose -2*g - 3 = 7. Let c be z(g). What is the greatest common divisor of 1 and c?
1
Let h(g) = 2*g**2 - 3*g + 6. Le